 = 0. What is the greatest common factor of b and x?
4
Let m(o) be the second derivative of -9/2*o**3 - 1/2*o**2 - 7*o + 0. Let x be m(-3). Calculate the highest common divisor of 16 and x.
16
Let p = -1 - -3. Suppose -82 = -p*l + 38. Suppose -3*q - 2*q - a + 59 = 0, 1 = -a. What is the greatest common divisor of q and l?
12
Let w = 752 + -488. Let f = -53 - -57. Suppose -g + 29 = -2*x, 0 = 6*g - f*g + x - 68. What is the highest common divisor of g and w?
33
Let c = 10 + 3. Suppose -a = -193 - c. Suppose -5*x - s + 218 = -2*x, -3*x = -5*s - a. What is the greatest common factor of x and 8?
8
Suppose -q - 8*q = 81. Let m be 69/46 - q/2. Calculate the greatest common factor of m and 24.
6
Let q = 643 - 280. What is the greatest common factor of q and 99?
33
Suppose 0 = -3*b - 2*v - 3 + 28, 2*v - 10 = 0. Suppose 67 = -c + 2*c + j, -4*j + 333 = b*c. Calculate the highest common factor of 13 and c.
13
Suppose 3 = 3*c, 0 = l - c - c + 4. Let y(j) = -36*j - 9. Let o be y(l). Let t = 52 - 31. Calculate the greatest common divisor of t and o.
21
Let g = -224 + 282. Calculate the highest common factor of g and 203.
29
Let t be ((-5)/(-4))/((-10)/(-160)). Suppose -5*i + 2*v - t = -97, -3*v = 5*i - 72. Let l = -109 + 214. Calculate the greatest common factor of i and l.
15
Let f be 3555/27 + 1*(-1)/(-3). Calculate the greatest common divisor of 165 and f.
33
Let t(z) = -2*z**2 - 2*z + 475. Let h be t(0). What is the greatest common factor of 25 and h?
25
Suppose -1 - 5 = -2*d, 117 = -4*k - d. Let u = k + 41. What is the greatest common factor of u and 11?
11
Let b = 7 + -10. Let x be -12*((-32)/(-12) + b). What is the greatest common factor of 4 and x?
4
Let o = 15 - -50. Calculate the highest common factor of 585 and o.
65
Suppose -4*l + 5 = -107. Calculate the highest common factor of 126 and l.
14
Let d(v) = -18 - 3*v**2 + 24 + 8*v - v**3 - 2*v**2 - 3*v**2. Let n be d(-9). Let q = n - 10. Calculate the highest common divisor of q and 40.
5
Let l(h) = h**2 + 3*h + 1. Let c be l(6). What is the greatest common factor of 33 and c?
11
Let t = -12 - -22. Suppose 6*a = t*a - 28. Suppose a*n - 36 = 3*n. What is the highest common divisor of 9 and n?
9
Let h(a) = a**3 + 5*a**2 + 6*a + 2. Let n be h(-4). Let p(j) = -j**2 - 11*j + 10. Let v be p(n). Calculate the highest common factor of v and 100.
20
Let r = 1117 - 787. Let d(u) = 36*u + 426. Let p be d(-11). Calculate the greatest common factor of p and r.
30
Let u be 135/6*4/2. What is the greatest common divisor of 585 and u?
45
Suppose -11*y + 192 = -3*y. Calculate the highest common factor of 48 and y.
24
Let l be (18/10)/(12/40). Suppose -32 = -6*x + 40. Calculate the greatest common factor of x and l.
6
Let g = 252 + -216. Calculate the greatest common factor of 396 and g.
36
Suppose 11 = -0*z + z. Let q(c) = c**3 - 8*c**2 - 18*c + 2. Let y be q(10). What is the highest common factor of y and z?
11
Suppose 0 = -5*z + 51 - 16. Let g = 8 + -19. Let b = g - -18. Calculate the highest common divisor of z and b.
7
Let g be 1 + 51 + (-54)/(-18). What is the greatest common factor of g and 44?
11
Suppose -19*m + 332 = -18*m. What is the greatest common divisor of m and 4?
4
Let i = 3 - 1. Suppose -q = 4*a - 2, i*q + q - 6 = -5*a. Suppose 0 = q*m - 7 - 5. What is the greatest common factor of 48 and m?
6
Let l = -226 + 254. What is the highest common factor of 252 and l?
28
Let w(x) = 73*x - 15. Let b be w(5). Calculate the highest common divisor of 98 and b.
14
Let p = -15 + 20. Let x be (-42)/35*p/1*-4. Calculate the highest common factor of 84 and x.
12
Let w be (-2112)/(-10) + (-18)/15. What is the highest common divisor of w and 84?
42
Let z = -98 + 257. Suppose 0 = -p + 105 + z. Calculate the greatest common divisor of p and 24.
24
Let i(d) = d**2 - 1. Let w be i(-2). Suppose 2*s + w*j - 16 = 81, -50 = -s - 2*j. Calculate the greatest common factor of s and 4.
4
Suppose 2206 = 9*o + 523. What is the greatest common divisor of 33 and o?
11
Suppose -1116 = 6*o - 1236. What is the highest common divisor of 1230 and o?
10
Let o(k) = -113*k + 11. Let i(t) = 56*t - 5. Let z(a) = -5*i(a) - 3*o(a). Let c be z(2). Calculate the greatest common factor of 44 and c.
22
Let a = 57 - 29. Suppose -4*m = -8*m + 224. Calculate the highest common factor of m and a.
28
Suppose -12*l = -93 + 9. Suppose -l*k + 4*k + 109 = -4*n, 5*k = 4*n + 187. Calculate the greatest common divisor of k and 117.
39
Let z = -10 + 13. Suppose -49 = -d - o, -z*o - 15 = 2*o. What is the highest common divisor of d and 130?
26
Let b(n) = -n**3 - 8*n**2 + n + 2. Let x be b(-8). Suppose 0 = 3*k + 2*k - 40. Let i = x + k. What is the highest common factor of i and 2?
2
Let x(w) be the third derivative of -w**5/30 + w**4/8 + 125*w**3/6 - 15*w**2. Let y be x(0). Calculate the greatest common factor of y and 50.
25
Suppose 2095 - 655 = 48*c. Calculate the highest common factor of 15 and c.
15
Let d(x) = 3*x - 12. Let y = 19 - 13. Let o be d(y). What is the highest common factor of o and 2?
2
Suppose 0 = -33*l + 37*l + 12. Let z be 4 + (-783)/l - -5. What is the highest common factor of 30 and z?
30
Let v be (-416)/(-11) - (-66)/363. What is the greatest common factor of v and 4?
2
Let w(a) = -a**3 - 22*a**2 + 22*a + 27. Let z be w(-23). Let q be 3/((-248)/z - -5). What is the greatest common divisor of q and 45?
15
Let x(v) = -v**3 + 27*v**2 - 21*v + 30. Let r be x(27). Let b be r/(-11) - ((-20)/(-11) - 2). Calculate the greatest common divisor of 7 and b.
7
Let g be (-2)/6 + ((-1180)/6)/(-5). Calculate the greatest common factor of 3 and g.
3
Suppose -2*l + 11 = -31. Let y be (-251)/(-7) + 3/l. Let v = -42 + 60. Calculate the greatest common divisor of v and y.
18
Let j be -5 - (-5 - -2) - -3. Suppose v - 15 = -j. Let k be (88/12)/(2/42). Calculate the greatest common factor of v and k.
14
Suppose 0*r - r = -4*t - 63, 0 = -5*r - 2*t + 293. Suppose -55*x + r*x = 8. Calculate the greatest common factor of 2 and x.
2
Suppose 8*s = 15 + 17. Calculate the highest common divisor of s and 116.
4
Suppose 0 = q + q - 4. Suppose 1 + q = 3*d. Let n be -11 + 14 - ((1 - 1) + 2). What is the highest common divisor of d and n?
1
Let v be (-4*(-1)/10)/(70/1750). What is the greatest common divisor of 640 and v?
10
Suppose -521 = 29*d - 1507. Calculate the highest common factor of d and 85.
17
Let u = -601 + 781. Calculate the highest common factor of 225 and u.
45
Suppose -3*v = -100 - 14. What is the greatest common factor of 26 and v?
2
Suppose -15 = -5*c + 3*t, 0 = -c + 4*t + 15 + 5. Let m be 3 + c/(-2) - 6/6. What is the highest common factor of m and 4?
2
Let m(f) = 2*f**3 - 33*f**2 + 6*f + 168. Let n be m(16). Calculate the highest common factor of n and 184.
8
Let t(j) = 8 - 15 - j + 3. Let u be t(-5). Suppose p = -u + 4. What is the greatest common factor of 15 and p?
3
Let v be (-24)/(18/(-3)) - -1*2. Suppose 5*g = v*g - 36. What is the greatest common divisor of 18 and g?
18
Let l be 5*-4*(-44)/16. What is the greatest common divisor of l and 22?
11
Let q = 51 - 46. What is the greatest common divisor of 15 and q?
5
Let k(q) = q + 1. Let o be k(2). Suppose s = -o*s + 148. Let l = 125 - s. What is the highest common divisor of 11 and l?
11
Let q(b) = 17*b + 14. Let i(f) = -f**3 - f**2. Let u be i(-4). Suppose 5*r + u = 8*r. Let n be q(r). What is the highest common divisor of n and 26?
26
Let l be 1 + (-1 + 2)*5. Suppose 12 = 3*g - 6. Suppose -90 = x - g*x. Calculate the highest common divisor of x and l.
6
Let u(d) = -8*d - 33. Let n(s) = -2*s**2 + 9*s - 2. Let l be n(5). Let y be u(l). What is the greatest common divisor of 92 and y?
23
Let c(a) = 10*a**2 - 2*a - 14. Suppose d + 10 = -3*y - 0*y, -3*y = -5*d - 14. Let r be c(d). What is the highest common factor of r and 11?
11
Let n(p) be the second derivative of p**4/4 - 7*p**3/3 + 2*p**2 + 24*p. Let q be n(8). What is the greatest common factor of q and 12?
12
Suppose -4*n = 2*b - 40, 4*n = -5*b - n + 105. Suppose -d + 132 = 7*m - 5*m, 2*d = 5*m - 330. What is the highest common factor of b and m?
22
Suppose -5*o - 122 = 5*k - 17, 5*o - 4*k + 150 = 0. Let i = o + 36. Suppose 2*u = 4*u - i. Calculate the greatest common divisor of 2 and u.
1
Let h(p) = -p**3 + 4*p - 20. Let l be h(3). Let r = l + 67. 